hundred millions digit of 525919386?
5
What is the hundred millions digit of 206930035?
2
What is the millions digit of 102030289?
2
What is the tens digit of 37879753?
5
What is the hundreds digit of 44066507?
5
What is the hundreds digit of 52081614?
6
What is the units digit of 203882809?
9
What is the millions digit of 148835094?
8
What is the hundred thousands digit of 17459162?
4
What is the ten millions digit of 663197890?
6
What is the millions digit of 40568689?
0
What is the hundred thousands digit of 12244598?
2
What is the millions digit of 634701886?
4
What is the millions digit of 738704723?
8
What is the thousands digit of 18528598?
8
What is the ten millions digit of 286307518?
8
What is the ten millions digit of 1128640539?
2
What is the hundred thousands digit of 3034127053?
1
What is the units digit of 1555588543?
3
What is the hundred millions digit of 1655663517?
6
What is the thousands digit of 3136910?
6
What is the ten thousands digit of 9112526?
1
What is the tens digit of 2856187847?
4
What is the millions digit of 2915469533?
5
What is the millions digit of 1009613099?
9
What is the millions digit of 1112508188?
2
What is the millions digit of 1211155409?
1
What is the thousands digit of 132849273?
9
What is the tens digit of 16209650?
5
What is the hundred thousands digit of 687321053?
3
What is the thousands digit of 20849637?
9
What is the hundred millions digit of 1375521141?
3
What is the units digit of 679740346?
6
What is the hundred thousands digit of 513531975?
5
What is the hundred thousands digit of 453614566?
6
What is the tens digit of 6810947266?
6
What is the tens digit of 1419747810?
1
What is the hundreds digit of 93289553?
5
What is the tens digit of 13680404?
0
What is the hundreds digit of 42762821?
8
What is the ten thousands digit of 734267698?
6
What is the ten millions digit of 276070932?
7
What is the thousands digit of 41475576?
5
What is the tens digit of 16107326?
2
What is the ten millions digit of 534972178?
3
What is the millions digit of 322841657?
2
What is the units digit of 1579464940?
0
What is the ten millions digit of 82945310?
8
What is the hundreds digit of 106993307?
3
What is the ten millions digit of 97771586?
9
What is the millions digit of 48794877?
8
What is the ten thousands digit of 1030216227?
1
What is the ten millions digit of 473532248?
7
What is the ten thousands digit of 7652873?
5
What is the hundred millions digit of 805909658?
8
What is the tens digit of 301029251?
5
What is the millions digit of 1189899230?
9
What is the hundreds digit of 70171220?
2
What is the hundreds digit of 149211826?
8
What is the thousands digit of 557646814?
6
What is the billions digit of 4828796290?
4
What is the hundreds digit of 971702474?
4
What is the units digit of 8645374490?
0
What is the millions digit of 575835359?
5
What is the ten millions digit of 65634166?
6
What is the tens digit of 37538922?
2
What is the hundreds digit of 5722812360?
3
What is the hundred millions digit of 2590045828?
5
What is the tens digit of 228565015?
1
What is the units digit of 99275502?
2
What is the tens digit of 3564620865?
6
What is the thousands digit of 460143124?
3
What is the hundred thousands digit of 479432317?
4
What is the thousands digit of 207158828?
8
What is the tens digit of 35434610?
1
What is the hundred thousands digit of 346333685?
3
What is the hundreds digit of 1042657967?
9
What is the tens digit of 2293715120?
2
What is the hundred thousands digit of 342092255?
0
What is the ten millions digit of 11466341?
1
What is the ten millions digit of 1839221180?
3
What is the hundreds digit of 172987998?
9
What is the tens digit of 814384439?
3
What is the hundred millions digit of 355688066?
3
What is the hundred millions digit of 138477328?
1
What is the thousands digit of 430606042?
6
What is the ten thousands digit of 694837307?
3
What is the units digit of 272143470?
0
What is the ten thousands digit of 88748112?
4
What is the units digit of 1020893366?
6
What is the ten millions digit of 2390656497?
9
What is the units digit of 1117618521?
1
What is the thousands digit of 704850314?
0
What is the millions digit of 363192427?
3
What is the hundred thousands digit of 814249968?
2
What is the ten millions digit of 2139563013?
3
What is the millions digit of 47655129?
7
What is the tens digit of 741845901?
0
What is the tens digit of 47886462?
6
What is the ten millions digit of 99099597?
9
What is the hundred thousands digit of 51430724?
4
What is the thousands digit of 17304766?
4
What is the units digit of 476765363?
3
What is the hundred thousands digit of 8913095?
9
What is the millions digit of 139608228?
9
What is the thousands digit of 3308540324?
0
What is the units digit of 43157110?
0
What is the units digit of 6562782482?
2
What is the tens digit of 119848466?
6
What is the ten millions digit of 134359101?
3
What is the ten millions digit of 1333278791?
3
What is the hundred millions digit of 165665820?
1
What is the ten thousands digit of 473128717?
2
What is the ten millions digit of 95986538?
9
What is the tens digit of 100819593?
9
What is the ten millions digit of 16708809?
1
What is the ten thousands digit of 4366800254?
0
What is the units digit of 1246412401?
1
What is the hundred thousands digit of 362131254?
1
What is the thousands digit of 76204903?
4
What is the millions digit of 762987620?
2
What is the tens digit of 198870962?
6
What is the units digit of 1791894476?
6
What is the hundred millions digit of 1056174412?
0
What is the hundreds digit of 73879265?
2
What is the millions digit of 159851270?
9
What is the units digit of 18557294?
4
What is the hundred millions digit of 5036418481?
0
What is the hundred millions digit of 223692398?
2
What is the ten thousands digit of 2668049627?
4
What is the ten thousands digit of 74653405?
5
What is the hundred thousands digit of 61233452?
2
What is the millions digit of 741654116?
1
What is the hundreds digit of 4269665616?
6
What is the hundreds digit of 188898381?
3
What is the hundreds digit of 16260809?
8
What is the units digit of 35986052?
2
What is the ten thousands digit of 12037500?
3
What is the ten thousands digit of 34405269?
0
What is the ten millions digit of 691964462?
9
What is the ten millions digit of 504266439?
0
What is the hundred thousands digit of 3191341?
1
What is the hundreds digit of 68404368?
3
What is the hundreds digit of 46119826?
8
What is the ten thousands digit of 9709954?
0
What is the thousands digit of 3147250728?
0
What is the thousands digit of 8107984?
7
What is the millions digit of 2123359869?
3
What is the hundred millions digit of 1416392646?
4
What is the ten millions digit of 230519719?
3
What is the thousands digit of 380279324?
9
What is the hundred millions digit of 1983670638?
9
What is the units digit of 13979589?
9
What is the ten millions digit of 3319464207?
1
What is the ten millions digit of 216276582?
1
What is the thousands digit of 23471541?
1
What is the thousands digit of 3964011892?
1
What is the units digit of 149485534?
4
What is the millions digit of 308496859?
8
What is the millions digit of 420569163?
0
What is the units digit of 3489103039?
9
What is the hundreds digit of 1155148562?
5
What is the millions digit of 493225211?
3
What is the hundreds digit of 175252789?
7
What is the billions digit of 1591197458?
1
What is the hundreds digit of 98617979?
9
What is the hundreds digit of 43592532?
5
What is the tens digit of 19521347?
4
What is the units digit of 76207656?
6
What is the tens digit of 98124167?
6
What is the tens digit of 57883270?
7
What is the ten thousands digit of 64051799?
5
What is the hundred thousands digit of 13027959?
0
What is the hundreds digit of 20741406?
4
What is the hundred thousands digit of 4418289297?
2
What is the ten thousands digit of 228195618?
9
What is the units digit of 27738351?
1
What is the thousands digit of 43510548?
0
What is the hundred millions digit of 1296867876?
2
What is the tens digit of 252626981?
8
What is the hundreds digit of 4162313126?
1
What is the tens digit of 3047886?
8
What is the hundred millions digit of 133748751?
1
What is the hundred thousands digit of 258834035?
8
